{"id":362,"date":"2015-11-20T11:34:56","date_gmt":"2015-11-20T10:34:56","guid":{"rendered":"http:\/\/www.kinkel-it.de\/sites\/saengerkranzalfdorf\/?page_id=362"},"modified":"2022-02-21T10:10:38","modified_gmt":"2022-02-21T09:10:38","slug":"singstunde","status":"publish","type":"page","link":"https:\/\/www.saengerkranz-alfdorf.de\/?page_id=362","title":{"rendered":"Singstunde"},"content":{"rendered":"<p><span style=\"color: #000000;\">Unsere Singstunden sind w\u00f6chentlich jeden Donnerstag (au\u00dfer in den Schulferien) um 20.00 Uhr im <strong><span style=\"color: #0000ff;\">\u201eVereinsraum\u201c des Kultur- und Sportzentrums in der Oberen Schlo\u00dfstra\u00dfe.<\/span><\/strong><br \/>\nAnschlie\u00dfend wird noch gem\u00fctlich zusammengesessen, um \u00fcber die &#8222;wichtigen Angelegenheiten&#8220; der vergangenen Woche und Tage zu diskutieren.<\/span><br \/>\n<span style=\"color: #000000;\">Und zu ganz besonderen Anl\u00e4ssen bringt unser S\u00e4ngerkollege Oskar ein Handvesper mit. Also schon deswegen lohnt es sich, bei einem so tollen Verein Mitglied zu sein oder es zu werden!<\/span><\/p>\n<h6><em><span style=\"color: #000000;\"><strong>Singen ist Erholung f\u00fcr die Seele und den Geist und gibt wieder Kraft f\u00fcr den kommenden Alltag.<\/strong><\/span><\/em><\/h6>\n<p>&nbsp;<\/p>\n<p>&nbsp;<\/p>\n<p>&nbsp;<\/p>\n<p>&nbsp;<\/p>\n","protected":false},"excerpt":{"rendered":"<p>Unsere Singstunden sind w\u00f6chentlich jeden Donnerstag (au\u00dfer in den Schulferien) um 20.00 Uhr im \u201eVereinsraum\u201c des Kultur- und Sportzentrums in der Oberen Schlo\u00dfstra\u00dfe. Anschlie\u00dfend wird noch gem\u00fctlich zusammengesessen, um \u00fcber die &#8222;wichtigen Angelegenheiten&#8220; der vergangenen Woche und Tage zu diskutieren. Und zu ganz besonderen Anl\u00e4ssen bringt unser S\u00e4ngerkollege Oskar ein [&hellip;]<\/p>\n","protected":false},"author":1,"featured_media":0,"parent":0,"menu_order":16,"comment_status":"closed","ping_status":"closed","template":"page-templates\/template-page-sidebar.php","meta":{"footnotes":""},"class_list":["post-362","page","type-page","status-publish","hentry"],"_links":{"self":[{"href":"https:\/\/www.saengerkranz-alfdorf.de\/index.php?rest_route=\/wp\/v2\/pages\/362","targetHints":{"allow":["GET"]}}],"collection":[{"href":"https:\/\/www.saengerkranz-alfdorf.de\/index.php?rest_route=\/wp\/v2\/pages"}],"about":[{"href":"https:\/\/www.saengerkranz-alfdorf.de\/index.php?rest_route=\/wp\/v2\/types\/page"}],"author":[{"embeddable":true,"href":"https:\/\/www.saengerkranz-alfdorf.de\/index.php?rest_route=\/wp\/v2\/users\/1"}],"replies":[{"embeddable":true,"href":"https:\/\/www.saengerkranz-alfdorf.de\/index.php?rest_route=%2Fwp%2Fv2%2Fcomments&post=362"}],"version-history":[{"count":5,"href":"https:\/\/www.saengerkranz-alfdorf.de\/index.php?rest_route=\/wp\/v2\/pages\/362\/revisions"}],"predecessor-version":[{"id":1977,"href":"https:\/\/www.saengerkranz-alfdorf.de\/index.php?rest_route=\/wp\/v2\/pages\/362\/revisions\/1977"}],"wp:attachment":[{"href":"https:\/\/www.saengerkranz-alfdorf.de\/index.php?rest_route=%2Fwp%2Fv2%2Fmedia&parent=362"}],"curies":[{"name":"wp","href":"https:\/\/api.w.org\/{rel}","templated":true}]}}

<p><span style="color: #000000;">Unsere Singstunden sind wöchentlich jeden Donnerstag (außer in den Schulferien) um 20.00 Uhr im <strong><span style="color: #0000ff;">„Vereinsraum“ des Kultur- und Sportzentrums in der Oberen Schloßstraße.</span></strong><br />
Anschließend wird noch gemütlich zusammengesessen, um über die &#8222;wichtigen Angelegenheiten&#8220; der vergangenen Woche und Tage zu diskutieren.</span><br />
<span style="color: #000000;">Und zu ganz besonderen Anlässen bringt unser Sängerkollege Oskar ein Handvesper mit. Also schon deswegen lohnt es sich, bei einem so tollen Verein Mitglied zu sein oder es zu werden!</span></p>
<h6><em><span style="color: #000000;"><strong>Singen ist Erholung für die Seele und den Geist und gibt wieder Kraft für den kommenden Alltag.</strong></span></em></h6>
<p>&nbsp;</p>
<p>&nbsp;</p>
<p>&nbsp;</p>
<p>&nbsp;</p>

<p>Unsere Singstunden sind wöchentlich jeden Donnerstag (außer in den Schulferien) um 20.00 Uhr im „Vereinsraum“ des Kultur- und Sportzentrums in der Oberen Schloßstraße. Anschließend wird noch gemütlich zusammengesessen, um über die &#8222;wichtigen Angelegenheiten&#8220; der vergangenen Woche und Tage zu diskutieren. Und zu ganz besonderen Anlässen bringt unser Sängerkollege Oskar ein [&hellip;]</p>
