{"id":356,"date":"2015-11-20T11:34:12","date_gmt":"2015-11-20T10:34:12","guid":{"rendered":"http:\/\/www.kinkel-it.de\/sites\/saengerkranzalfdorf\/?page_id=356"},"modified":"2018-10-22T10:21:07","modified_gmt":"2018-10-22T08:21:07","slug":"knabenchor","status":"publish","type":"page","link":"https:\/\/www.saengerkranz-alfdorf.de\/?page_id=356","title":{"rendered":"Jugendchor"},"content":{"rendered":"<h3>Jugendchor \u00fcberzeugte beim Auftritt in der Stephanuskirche<\/h3>\n<div>&#8222;Von der edlen Musik&#8220; sang der Jugendchor von der Empore der Stephanuskirche zur Er\u00f6ffnung des Kirchenkonzertes anl\u00e4sslich des Lichtermarktes in Alfdorf. Nach Auftritt des MGV &#8222;R\u00fctli&#8220; Vordersteinenberg erklang mit Begleitung der Orgel (Florian Sch\u00e4fer) und Viloline (Lupin Poncet) &#8222;Jesus, bleibet meine Freude&#8220; von J.S. Bach. Es folgte danach vom franz\u00f6sischen Filmmusikkomponisten B. Coulais &#8222;Vois sur ton chemin&#8220;. W\u00e4hrend des anhaltenden Applauses kam der Jugendchor herunter vor den Altar. Mit &#8222;Spiritus Sancti Gratia&#8220; machten sie auf die Nachwuchssorgen beim Jugendchor aufmerksam (siehe Text weiter unten). Der Dirigent Peter Nickel hatte hierzu den Text geschrieben, in der Hoffnung, dass mehr Jugendliche den Mut haben, sich dem Jugendchor anzuschlie\u00dfen. Der gro\u00dfe Applaus zu den Vortr\u00e4gen best\u00e4tigte die ausgezeichnete Arbeit des Chorleiters und nat\u00fcrlich auch den Einsatz des Jugendchores.<\/div>\n<div><\/div>\n<div><span style=\"color: #ff0000;\"><strong>Neue Jugendliche sind bis zum Alter von 21 Jahren herzlich wollkommen!<\/strong><\/span><\/div>\n<div><span style=\"color: #ff0000;\"><strong>Chorproben finden jeden Donnerstag von 18.00 Uhr bis 19.00 Uhr im Vereinszimmer der Sporthalle statt.<\/strong><\/span><\/div>\n<div><span style=\"color: #ff0000;\">\u00a0<\/span><\/div>\n<div><span style=\"color: #0000ff;\"><strong>SPIRITUS SANCTI GRATIA<\/strong><\/span><\/div>\n<div>\n<div><span style=\"color: #0000ff;\"><em><strong>Alfdorfer Jugendchor Intermezzo<\/strong><\/em><\/span><\/div>\n<div><span style=\"color: #0000ff;\">\u00a0<\/span><\/div>\n<div><span style=\"color: #0000ff;\">1. Wir sind der Alfdorfer Jugendchor,<\/span><\/div>\n<div><span style=\"color: #0000ff;\">leider fehlt uns noch der Tenor,<\/span><\/div>\n<div><span style=\"color: #0000ff;\">deswegen klingt das Lied auch leer,<\/span><\/div>\n<div><span style=\"color: #0000ff;\">wir w\u00fcnschen uns Ten\u00f6re her!<\/span><\/div>\n<div><span style=\"color: #0000ff;\">\u00a0<\/span><\/div>\n<div><span style=\"color: #0000ff;\">2. Nur zum Vergleich, h\u00f6rt doch mal hier:<\/span><\/div>\n<div><span style=\"color: #0000ff;\">so kl\u00e4nge es mit Stimme vier!<\/span><\/div>\n<div><span style=\"color: #0000ff;\">Ein sch\u00f6ner, voller. reicher Klang<\/span><\/div>\n<div><span style=\"color: #0000ff;\">br\u00e4chte hervor unser Gesang!<\/span><\/div>\n<div><span style=\"color: #0000ff;\">\u00a0<\/span><\/div>\n<div><span style=\"color: #0000ff;\">3. Kinder und Teenies, Twens und mehr,<\/span><\/div>\n<div><span style=\"color: #0000ff;\">wir nehmen alle, kommt einfach her!<\/span><\/div>\n<div><span style=\"color: #0000ff;\">Als Chor sind wir noch viel zu klein:<\/span><\/div>\n<div><span style=\"color: #0000ff;\">sonst gehen wir am Ende ein!<\/span><\/div>\n<div><span style=\"color: #0000ff;\">\u00a0<\/span><\/div>\n<div><span style=\"color: #0000ff;\">4. Das w\u00e4re schade, denn es passt<\/span><\/div>\n<div><span style=\"color: #0000ff;\">so gut zu Alfdorf, und es macht Spa\u00df!<\/span><\/div>\n<div><span style=\"color: #0000ff;\">Ach bitte helft uns, tretet vor!<\/span><\/div>\n<div><span style=\"color: #0000ff;\">Schickt Eure Kinder in unsern Chor!<\/span><\/div>\n<\/div>\n<div><\/div>\n<div><\/div>\n<div>\n<div id=\"attachment_1150\" style=\"width: 858px\" class=\"wp-caption aligncenter\"><a href=\"https:\/\/www.saengerkranz-alfdorf.de\/wp-content\/uploads\/2017\/11\/DSC06836-Kopie-1.jpg\"><img loading=\"lazy\" decoding=\"async\" aria-describedby=\"caption-attachment-1150\" class=\"size-large wp-image-1150\" src=\"https:\/\/www.saengerkranz-alfdorf.de\/wp-content\/uploads\/2017\/11\/DSC06836-Kopie-1-1024x815.jpg\" alt=\"\" width=\"848\" height=\"675\" srcset=\"https:\/\/www.saengerkranz-alfdorf.de\/wp-content\/uploads\/2017\/11\/DSC06836-Kopie-1-1024x815.jpg 1024w, https:\/\/www.saengerkranz-alfdorf.de\/wp-content\/uploads\/2017\/11\/DSC06836-Kopie-1-300x239.jpg 300w, https:\/\/www.saengerkranz-alfdorf.de\/wp-content\/uploads\/2017\/11\/DSC06836-Kopie-1-768x611.jpg 768w\" sizes=\"auto, (max-width: 848px) 100vw, 848px\" \/><\/a><p id=\"caption-attachment-1150\" class=\"wp-caption-text\">Jugendchor des S\u00e4ngerkranzes mit Dirigent Peter Nickel<\/p><\/div>\n<\/div>\n<h2><\/h2>\n<h2><\/h2>\n<h2><\/h2>\n<p>&nbsp;<\/p>\n<p>&nbsp;<\/p>\n<h2><span style=\"color: #0000ff;\"><strong>Der Jugendchor braucht dringend Nachwuchs<br \/>\n<\/strong><\/span><\/h2>\n<h3><strong>Es fehlt immer noch an jungen S\u00e4ngerinnen und S\u00e4ngern<\/strong><\/h3>\n<p>Mit dem Chorleiter Peter Nickel hat der S\u00e4ngerkranz Alfdorf einen ausgezeichneten Dirigenten, der sich im Umgang mit den Jugendlichen sehr bew\u00e4hrt hat. Unterst\u00fctzt wird er von der S\u00e4ngerin und Stimmbildnerin Katrin Bechstein.\u00a0\u00a0\u00a0\u00a0\u00a0\u00a0\u00a0\u00a0\u00a0\u00a0\u00a0\u00a0\u00a0\u00a0\u00a0\u00a0\u00a0\u00a0\u00a0\u00a0\u00a0\u00a0\u00a0\u00a0\u00a0\u00a0\u00a0\u00a0\u00a0\u00a0\u00a0\u00a0\u00a0\u00a0\u00a0\u00a0\u00a0\u00a0\u00a0\u00a0\u00a0\u00a0\u00a0\u00a0\u00a0\u00a0\u00a0\u00a0\u00a0\u00a0\u00a0\u00a0\u00a0\u00a0\u00a0\u00a0\u00a0\u00a0\u00a0\u00a0\u00a0\u00a0\u00a0\u00a0\u00a0\u00a0\u00a0\u00a0\u00a0\u00a0\u00a0\u00a0\u00a0\u00a0\u00a0\u00a0\u00a0\u00a0\u00a0\u00a0\u00a0\u00a0\u00a0\u00a0\u00a0\u00a0\u00a0\u00a0\u00a0\u00a0\u00a0\u00a0\u00a0\u00a0\u00a0\u00a0\u00a0\u00a0\u00a0\u00a0\u00a0\u00a0\u00a0\u00a0\u00a0\u00a0\u00a0\u00a0\u00a0\u00a0\u00a0\u00a0\u00a0\u00a0\u00a0\u00a0\u00a0\u00a0\u00a0\u00a0\u00a0\u00a0\u00a0\u00a0\u00a0\u00a0\u00a0\u00a0\u00a0\u00a0\u00a0\u00a0\u00a0\u00a0\u00a0\u00a0\u00a0\u00a0\u00a0\u00a0\u00a0\u00a0\u00a0\u00a0\u00a0\u00a0\u00a0\u00a0\u00a0\u00a0\u00a0\u00a0\u00a0\u00a0\u00a0\u00a0\u00a0\u00a0\u00a0\u00a0\u00a0\u00a0\u00a0\u00a0\u00a0\u00a0\u00a0\u00a0\u00a0\u00a0\u00a0\u00a0\u00a0\u00a0\u00a0\u00a0\u00a0\u00a0\u00a0\u00a0\u00a0\u00a0\u00a0\u00a0\u00a0\u00a0\u00a0\u00a0\u00a0\u00a0\u00a0\u00a0\u00a0\u00a0\u00a0\u00a0\u00a0\u00a0\u00a0\u00a0\u00a0\u00a0\u00a0\u00a0\u00a0\u00a0\u00a0\u00a0\u00a0\u00a0\u00a0\u00a0\u00a0\u00a0\u00a0\u00a0\u00a0\u00a0\u00a0\u00a0\u00a0\u00a0\u00a0\u00a0\u00a0\u00a0\u00a0\u00a0\u00a0\u00a0\u00a0\u00a0\u00a0\u00a0\u00a0\u00a0\u00a0\u00a0\u00a0\u00a0\u00a0\u00a0\u00a0\u00a0\u00a0\u00a0\u00a0\u00a0\u00a0\u00a0\u00a0\u00a0\u00a0\u00a0\u00a0\u00a0\u00a0\u00a0\u00a0\u00a0\u00a0\u00a0\u00a0\u00a0\u00a0\u00a0\u00a0\u00a0\u00a0\u00a0\u00a0\u00a0\u00a0\u00a0\u00a0\u00a0\u00a0\u00a0 Nach dem ausgezeichneten Auftritt und der Pr\u00e4sentation bei der Jahresfeier in diesem Jahr bereitet sich der Chor auf weitere Auftritte vor. Jedoch braucht er daf\u00fcr personelle Unterst\u00fctzung. Unser Ziel ist es, die Jugendlichen stimmlich und musikalisch solide und gr\u00fcndlich auszubilden um dem Chor ein k\u00fcnstlerisch hohes Niveau zu erm\u00f6glichen.<\/p>\n<p><strong>Daher unsere Bitte an alle Eltern, die ihren Kindern eine gute musikalische Ausbildung zukommen lassen wollen: Schicken sie die Jugendlichen in unsere Chorprobe. Jugendliche im Alter von 8 bis 25 Jahren sind herzlich willkommen.\u00a0\u00a0\u00a0\u00a0\u00a0\u00a0\u00a0\u00a0\u00a0\u00a0\u00a0\u00a0\u00a0\u00a0\u00a0\u00a0\u00a0\u00a0\u00a0\u00a0\u00a0\u00a0\u00a0\u00a0\u00a0\u00a0\u00a0\u00a0\u00a0\u00a0\u00a0\u00a0\u00a0\u00a0\u00a0\u00a0\u00a0\u00a0\u00a0\u00a0\u00a0\u00a0\u00a0\u00a0\u00a0\u00a0\u00a0\u00a0\u00a0\u00a0\u00a0\u00a0\u00a0\u00a0\u00a0\u00a0\u00a0\u00a0\u00a0\u00a0\u00a0\u00a0\u00a0\u00a0\u00a0\u00a0\u00a0\u00a0\u00a0\u00a0\u00a0\u00a0\u00a0\u00a0\u00a0\u00a0\u00a0\u00a0\u00a0\u00a0\u00a0\u00a0\u00a0\u00a0\u00a0\u00a0\u00a0\u00a0\u00a0\u00a0\u00a0\u00a0\u00a0\u00a0\u00a0\u00a0\u00a0\u00a0\u00a0\u00a0\u00a0\u00a0\u00a0\u00a0\u00a0\u00a0\u00a0\u00a0\u00a0\u00a0\u00a0\u00a0\u00a0\u00a0\u00a0\u00a0\u00a0\u00a0\u00a0\u00a0\u00a0\u00a0\u00a0\u00a0\u00a0\u00a0\u00a0\u00a0\u00a0\u00a0\u00a0\u00a0\u00a0\u00a0\u00a0\u00a0\u00a0\u00a0\u00a0\u00a0\u00a0\u00a0\u00a0\u00a0\u00a0\u00a0\u00a0\u00a0\u00a0\u00a0\u00a0\u00a0\u00a0\u00a0\u00a0\u00a0\u00a0\u00a0\u00a0\u00a0\u00a0\u00a0\u00a0\u00a0\u00a0\u00a0\u00a0\u00a0\u00a0\u00a0\u00a0\u00a0\u00a0\u00a0\u00a0\u00a0\u00a0\u00a0\u00a0\u00a0\u00a0\u00a0\u00a0\u00a0\u00a0\u00a0\u00a0\u00a0 <\/strong>Deshalb, wer bisher noch nicht den Mut hatte und den Weg in die Singstunde gefunden hat, sollte die Gelegenheit beim Schopf packen. Es erwarten euch neue Bekanntschaften und eine fr\u00f6hliche Runde.\u00a0\u00a0\u00a0\u00a0\u00a0\u00a0\u00a0\u00a0\u00a0\u00a0\u00a0\u00a0\u00a0\u00a0\u00a0\u00a0\u00a0\u00a0\u00a0\u00a0\u00a0\u00a0\u00a0\u00a0\u00a0\u00a0\u00a0\u00a0\u00a0\u00a0\u00a0\u00a0\u00a0\u00a0\u00a0\u00a0\u00a0\u00a0\u00a0\u00a0\u00a0\u00a0\u00a0\u00a0\u00a0\u00a0\u00a0\u00a0\u00a0\u00a0\u00a0\u00a0\u00a0\u00a0\u00a0\u00a0\u00a0\u00a0\u00a0\u00a0\u00a0\u00a0\u00a0\u00a0\u00a0\u00a0\u00a0\u00a0\u00a0\u00a0\u00a0\u00a0\u00a0\u00a0\u00a0\u00a0\u00a0\u00a0\u00a0\u00a0\u00a0\u00a0\u00a0\u00a0\u00a0\u00a0\u00a0\u00a0\u00a0\u00a0\u00a0\u00a0\u00a0\u00a0\u00a0\u00a0\u00a0\u00a0\u00a0\u00a0\u00a0\u00a0\u00a0\u00a0\u00a0\u00a0\u00a0\u00a0\u00a0\u00a0\u00a0\u00a0\u00a0\u00a0\u00a0\u00a0\u00a0\u00a0\u00a0\u00a0\u00a0\u00a0\u00a0\u00a0\u00a0\u00a0\u00a0\u00a0\u00a0\u00a0\u00a0\u00a0\u00a0\u00a0\u00a0\u00a0\u00a0\u00a0\u00a0\u00a0\u00a0\u00a0\u00a0\u00a0\u00a0\u00a0\u00a0\u00a0\u00a0\u00a0\u00a0\u00a0\u00a0\u00a0\u00a0\u00a0\u00a0\u00a0\u00a0\u00a0\u00a0\u00a0\u00a0\u00a0\u00a0\u00a0\u00a0\u00a0\u00a0\u00a0\u00a0\u00a0\u00a0\u00a0\u00a0\u00a0\u00a0\u00a0\u00a0\u00a0\u00a0\u00a0\u00a0\u00a0\u00a0\u00a0\u00a0\u00a0\u00a0\u00a0\u00a0\u00a0\u00a0\u00a0\u00a0\u00a0\u00a0\u00a0\u00a0\u00a0\u00a0\u00a0\u00a0\u00a0\u00a0\u00a0\u00a0\u00a0\u00a0\u00a0\u00a0\u00a0\u00a0\u00a0\u00a0\u00a0\u00a0\u00a0\u00a0\u00a0\u00a0\u00a0\u00a0\u00a0\u00a0\u00a0\u00a0\u00a0\u00a0\u00a0\u00a0\u00a0\u00a0\u00a0\u00a0\u00a0\u00a0\u00a0\u00a0\u00a0\u00a0\u00a0\u00a0\u00a0\u00a0\u00a0\u00a0\u00a0\u00a0\u00a0\u00a0\u00a0\u00a0\u00a0\u00a0\u00a0\u00a0\u00a0\u00a0\u00a0\u00a0\u00a0\u00a0\u00a0\u00a0\u00a0\u00a0\u00a0\u00a0\u00a0\u00a0\u00a0\u00a0\u00a0\u00a0\u00a0\u00a0\u00a0\u00a0\u00a0\u00a0\u00a0\u00a0\u00a0\u00a0\u00a0\u00a0\u00a0\u00a0\u00a0\u00a0\u00a0\u00a0\u00a0\u00a0\u00a0\u00a0\u00a0\u00a0\u00a0\u00a0\u00a0\u00a0\u00a0\u00a0\u00a0\u00a0\u00a0\u00a0\u00a0\u00a0\u00a0\u00a0\u00a0\u00a0\u00a0\u00a0\u00a0\u00a0\u00a0\u00a0\u00a0\u00a0\u00a0\u00a0\u00a0\u00a0\u00a0\u00a0\u00a0\u00a0\u00a0\u00a0\u00a0\u00a0\u00a0 <strong>Die Chorproben sind immer am Donnerstag von 18.00 Uhr bis 19.00 Uhr im Vereinszimmer der Sporthalle.<\/strong><\/p>\n<p>N\u00e4here Informationen erhalten alle Interessierten bei Peter Nickel, <strong>Tel. 07172\/3285891.<\/strong> Gerne nimmt er auch Nachrichten unter der Email-Adresse: <strong>nadabrahma@mail.com<\/strong> entgegen.<\/p>\n<p><strong>\u00a0<\/strong><\/p>\n<p>&nbsp;<\/p>\n<p>&nbsp;<\/p>\n<h3><strong><span class=\"text5\">Jeder Jugendliche steht f\u00fcr eine Stimme<\/span><\/strong><\/h3>\n<p>Erster Alfdorfer Knabenchor steht in den Startl\u00f6chern: Konzert am Samstag, 18. Januar 2014 &#8222;Vier Jungs &#8211; drunter geht nichts&#8220;, so beschrieb Dirigent Peter Nickel die Bedingung f\u00fcr die Gr\u00fcndung eines Knabenchors in Alfdorf. Und genau vier sind es bis jetzt. Nickel erz\u00e4hlt vom &#8222;zarten Pfl\u00e4nzchen&#8220;, das er nun pflegt, einer gro\u00dfen Alterspanne und er sagt, warum sich der Aufwand lohnen kann.<br \/>\nVERONIKA KANZLER<\/p>\n<p>Dirigent Peter Nickel und das vierk\u00f6pfige Gr\u00fcndungsteam des Knabenchors. (Foto: UR) Alfdorf. Das Problem kennt wohl nicht nur der M\u00e4nnerchor in Alfdorf: Die Aktiven werden \u00e4lter und der Nachwuchs fehlt. &#8222;Aus dieser Not, aber auch weil ich sehr an der Idee interessiert bin, entstand unser Knabenchor&#8220;, erz\u00e4hlt Dirigent und Chorleiter Peter Nickel. Erwartungsgem\u00e4\u00df fiel das Echo auf die Einladung zur Gr\u00fcndung aus. &#8222;Wenn man von einem Ansturm sprechen m\u00f6chte, so w\u00e4re der leider sehr gering&#8220;, gibt Nickel zu. Seine Bedingung war, dass es mindestens vier Jungs sein m\u00fcssen. Darunter k\u00f6nne man keinen Chor starten.<\/p>\n<p>&#8222;Tats\u00e4chlich habe ich exakt diese vier bekommen&#8220;, meint sich der Dirigent zuversichtlich. Und: &#8222;Kurzfristig haben wir beschlossen, mit den vier Jungs einen kleinen, ersten Auftritt zu machen, bei der Jahresfeier des S\u00e4ngerkranz Alfdorf.&#8220;<br \/>\nSein &#8222;zartes Pfl\u00e4nzchen&#8220;, wie Nickel sein Knabenensemble nennt, ist im Prinzip ein Knaben- und Jugendchor. Die Jungs sind im Alter zwischen zehn und 17 Jahren. &#8222;Diese Spanne sehe ich als Gewinn an &#8211; sie helfen sich gegenseitig&#8220;, erz\u00e4hlt der Dirigent. Die \u00e4lteren hielten die j\u00fcngeren auf Trab. &#8222;Ich habe Gl\u00fcck, dass ich so tolle Jungs hab&#8220;, schw\u00e4rmt er.<\/p>\n<p>Es sind alle Stimmlagen vertreten&#8220;, erz\u00e4hlt der Dirigent. Sopran, Alt, Bass und Tenor. Um die Stimmen zu formen und die Jungen den Umgang damit zu lehren, betreibt Peter Nickel regelm\u00e4\u00dfig professionelle Stimmbildung. &#8222;Trotzdem ist es teilweise schwierig f\u00fcr die Jungs, da zurzeit jeweils nur einer die Stimmlage abdeckt und sie deshalb oft Soli haben, sagt Nickel. Drei S\u00e4nger pro Stimme w\u00e4re f\u00fcr den Anfang ideal.<\/p>\n<p>Die Alterspanne bei den S\u00e4ngerknaben ist noch gering im Vergleich zum M\u00e4nnerchor. &#8222;Es treffen nun Generationen aufeinander&#8220;, sagt Nickel. Und in der Mitte klafft oft ein Loch. &#8222;Die S\u00e4ngerknaben sind eine sehr langfristige Nachwuchsf\u00f6rderung&#8220;, findet er und legt gro\u00dfen Wert auf die Tradition des M\u00e4nnergesangs. &#8222;Wenn wir uns nicht darum k\u00fcmmern, dann stirbt das aus&#8220;, f\u00fcrchtet der Dirigent.<\/p>\n<p>Aber er wei\u00df auch, dass es erst die Zukunft zeigen wird, ob sich die Arbeit sich lohnt: &#8222;Jeder S\u00e4nger ist individuell und es liegt an jedem selbst, ob ihm das Singen interessiert und Freude macht oder eben nicht&#8220;, erkl\u00e4rt Nickel. Er hofft allerdings darauf, dass die jugendlichen S\u00e4nger dabei bleiben und der M\u00e4nnerchor keine Nachwuchsprobleme habe. &#8222;Nat\u00fcrlich w\u00e4re es auch sch\u00f6n, wenn unsere S\u00e4ngerknaben Zuwachs bekommen&#8220;, sagt Nickel.<\/p>\n<p>Peter Nickel und die Alfdorfer S\u00e4ngerknaben proben seit acht Wochen f\u00fcr das Konzert des S\u00e4ngerkranz Alfdorf am Samstag. Zwei St\u00fccke &#8211; eins gemeinsam mit dem M\u00e4nnerchor &#8211; sind im Repertoire der Knaben. &#8222;Ich m\u00f6chte sie nicht \u00fcberfordern, es ist eine kurze Zeitspanne. Aber irgendwann muss man ins kalte Wasser&#8220;, erkl\u00e4rt Nickel.<\/p>\n","protected":false},"excerpt":{"rendered":"<p>Jugendchor \u00fcberzeugte beim Auftritt in der Stephanuskirche &#8222;Von der edlen Musik&#8220; sang der Jugendchor von der Empore der Stephanuskirche zur Er\u00f6ffnung des Kirchenkonzertes anl\u00e4sslich des Lichtermarktes in Alfdorf. Nach Auftritt des MGV &#8222;R\u00fctli&#8220; Vordersteinenberg erklang mit Begleitung der Orgel (Florian Sch\u00e4fer) und Viloline (Lupin Poncet) &#8222;Jesus, bleibet meine Freude&#8220; von [&hellip;]<\/p>\n","protected":false},"author":1,"featured_media":0,"parent":0,"menu_order":14,"comment_status":"closed","ping_status":"closed","template":"page-templates\/template-page-sidebar.php","meta":{"footnotes":""},"class_list":["post-356","page","type-page","status-publish","hentry"],"_links":{"self":[{"href":"https:\/\/www.saengerkranz-alfdorf.de\/index.php?rest_route=\/wp\/v2\/pages\/356","targetHints":{"allow":["GET"]}}],"collection":[{"href":"https:\/\/www.saengerkranz-alfdorf.de\/index.php?rest_route=\/wp\/v2\/pages"}],"about":[{"href":"https:\/\/www.saengerkranz-alfdorf.de\/index.php?rest_route=\/wp\/v2\/types\/page"}],"author":[{"embeddable":true,"href":"https:\/\/www.saengerkranz-alfdorf.de\/index.php?rest_route=\/wp\/v2\/users\/1"}],"replies":[{"embeddable":true,"href":"https:\/\/www.saengerkranz-alfdorf.de\/index.php?rest_route=%2Fwp%2Fv2%2Fcomments&post=356"}],"version-history":[{"count":5,"href":"https:\/\/www.saengerkranz-alfdorf.de\/index.php?rest_route=\/wp\/v2\/pages\/356\/revisions"}],"predecessor-version":[{"id":1238,"href":"https:\/\/www.saengerkranz-alfdorf.de\/index.php?rest_route=\/wp\/v2\/pages\/356\/revisions\/1238"}],"wp:attachment":[{"href":"https:\/\/www.saengerkranz-alfdorf.de\/index.php?rest_route=%2Fwp%2Fv2%2Fmedia&parent=356"}],"curies":[{"name":"wp","href":"https:\/\/api.w.org\/{rel}","templated":true}]}}